e 642/(-27) - (14/(-18) + 1). Let s = 29 + y. Suppose -r = -49 + s. What is the units digit of r?
4
Let z(s) = 4*s**2 - 10*s + 1. Suppose -14*p + 12*p + 8 = 0. Let r be ((-2)/p)/(2/(-20)). What is the units digit of z(r)?
1
Let f = 407 + 350. Let w = -289 + f. What is the hundreds digit of w?
4
Let v be (-6)/9*(84 - -3). Suppose 124*i - 129*i = -295. Let n = v + i. What is the units digit of n?
1
What is the thousands digit of (-1 + (-268905)/(-9))*(-20 + 23)?
9
Suppose 48*z = 40*z + 5944. Let n = z - -160. What is the hundreds digit of n?
9
Suppose h - 4*k - 5 = -23, 3*h = k + 1. Suppose 0 = -2*f - 3*w - 2 + 25, h*f = 5*w - 17. Suppose -136 = -3*x - f. What is the units digit of x?
4
Let d(y) = y - 5. Let m be d(4). Let u be 0 + m - (1 + 1 + -3). Suppose -3*h = -2*h, u = 5*g - 5*h - 275. What is the units digit of g?
5
What is the ten thousands digit of 2/9 - (-67723733)/2907?
2
Suppose -3*p = -18, 0 = -33*i + 38*i - 3*p - 23877. What is the tens digit of i?
7
Let q = 2636 - 4143. Let w = q - -2682. What is the hundreds digit of w?
1
Let b = -1 - 5. Let l(h) = -203*h + 207*h - 7 + 14 + 2*h**2 + 0*h**2. What is the units digit of l(b)?
5
Suppose 0 = -z - 3*z + 11729 - 1289. What is the units digit of z?
0
Let o be 5 + 420544/224 + (-6)/14. Let l = o + -1004. What is the hundreds digit of l?
8
Let w be (-23)/69*(0 - 9). Suppose 4*b - 6*b = -p + 205, w*p + 4*b - 655 = 0. What is the units digit of p?
3
Suppose 4*q - i - 4*i - 1115 = 0, -2*i = -5*q + 1381. Let x be (11/(q/(-20)))/((-2)/(-10)). What is the hundreds digit of (x + 7 - -1) + 100?
1
Let b be -1*158*6/(-4). Let q be ((-52)/(-3))/(60/90) + -2. What is the units digit of 16/q*b/2?
9
Let u(i) = -i + 7. Let t be u(5). Suppose -126 + 626 = t*y. What is the hundreds digit of y?
2
Let w be 18/4 + 80/32. Let t be (4 + (-24)/w)*7. What is the units digit of ((-380)/(-16) - -1) + t/16?
5
Let s = 37528 - 17437. What is the thousands digit of s?
0
Suppose 0 = -47*t + 159257 + 838647. What is the thousands digit of t?
1
Suppose 3*d + z = -4989, 9*d + z - 4995 = 12*d. Let w = 3431 + d. What is the units digit of w?
7
Suppose 0 = 3*d + 4*l + 449, d + 4*d + 3*l + 763 = 0. Let r = 194 + d. What is the units digit of r?
9
Let c = 2838 + -1422. Suppose -5*r + r + c = 4*f, 0 = -4*r. What is the tens digit of f?
5
Let a(s) = s**3 + 108*s**2 + 1036*s + 74. What is the units digit of a(-34)?
4
What is the hundreds digit of (23 - -10)*(-942)/(-9)?
4
Suppose -5*n + 5*a + 24440 = 0, -n + 8*a = 6*a - 4884. What is the units digit of n?
2
Let k = -90 - -96. Let h(q) = -q + q + k*q**2 - 3*q + 13*q + 9. What is the units digit of h(-6)?
5
Suppose p + 5 - 2 = 0. Let h = p + 107. What is the hundreds digit of h?
1
What is the thousands digit of ((-870)/(-957))/(1/30481)?
7
Let x be (-3 - (3 + -4 + 6)) + 778. Suppose b - 4*b = -15. Suppose -n + 3*n = 5*h - x, 493 = 3*h + b*n. What is the hundreds digit of h?
1
Let b = -278 - -290. Suppose 597 = 3*r - 9*o + b*o, 0 = 4*o. What is the hundreds digit of r?
1
Suppose -5*h - 5*v - 10 = -35, 5*v = -4*h + 20. Suppose h*u = 7*u - 6. Suppose 2*x + 3*x - 125 = -3*q, 4*q - 185 = -u*x. What is the units digit of q?
0
Let h be (5 - 4)/(7/35). Suppose -h*s = -320 - 240. What is the tens digit of s?
1
Let r = -5 - 4. Let y(a) = -91*a**3 + 8*a + 22 + 185*a**3 - 93*a**3 + 10*a**2. What is the units digit of y(r)?
1
Let o(i) = 4*i**2 + 2*i + 1. Suppose 0 = 5*u - 2*k - 2 + 9, 0 = 4*u + 4*k. Let v be o(u). What is the tens digit of 0 - 3 - -2 - (v - 147)?
4
Let p(l) = -40*l + 39. Let y be p(4). Let v = 156 + y. Suppose -490 = -37*j + v*j. What is the units digit of j?
5
Let q be (-1)/(-4) - 66/8. Let t(c) = -355*c + 0 + 2*c**2 + 363*c + 1. What is the units digit of t(q)?
5
Suppose 5*m - 10 = 0, 2*j = 5*m - m - 10. Let z be 1376 + (-4 + j - -4). What is the tens digit of 20/(-120) - z/(-6)?
2
What is the units digit of 70/(-15)*(3 - -33*(-213)/2)?
7
Let m(v) = -164*v**3 - 2*v**2 + 1. Let n be m(1). Let t = 291 - n. What is the hundreds digit of t?
4
Suppose -16*d = -26*d + 3290. Suppose 441 = 4*m - 0*y + y, 0 = -3*m + y + d. What is the tens digit of m?
1
Suppose 12*f - 10397 = 10723. Let s = f + -144. What is the thousands digit of s?
1
Let u = -27 + 33. Let v be ((-560)/(-24))/(4/u). Suppose 4*y + 80 = 3*l - 0*y, v = 3*l + 5*y. What is the tens digit of l?
2
Let z(t) = 8*t - t - 6*t. Let m(q) = 24*q + 24. Let f(u) = m(u) + 6*z(u). What is the tens digit of f(6)?
0
Let h = 19790 + 1503. What is the tens digit of h?
9
Let r(o) = o**3 - o**2 + o + 1. Let t(f) = 15*f**2 - 19*f - 16. Let a(d) = r(d) + t(d). Suppose -234*i = -17*i + 3255. What is the tens digit of a(i)?
3
Let a(h) be the second derivative of -33*h**3/2 - 77*h**2/2 - 2*h + 18. What is the hundreds digit of a(-7)?
6
What is the tens digit of 0 - -36770 - ((-546)/69 + 138/(-1587))?
7
Let a = 5951 + -1596. What is the thousands digit of a?
4
Let g = 9531 + 3112. What is the tens digit of g?
4
Suppose -2*x + 4*x = -r + 4, 2*x - 3*r = 12. Let i be 4 + (x - 6) + 1. Suppose y - i*o = -3*y + 298, 5*y - 366 = -4*o. What is the units digit of y?
4
Suppose -3*i = -2*i + 16. Let m(p) = -p**2 - 16*p - 1. Let f be m(i). What is the tens digit of f/(-2) - 1430/(-20)?
7
Suppose 0 = -100*v + 84*v + 80. What is the units digit of 2/v*(-45)/12*-706?
9
Let d(a) = -a**3 - 19*a**2 + 2*a + 43. Let c be d(-19). Suppose c*o - 6*o + 417 = -4*j, o + j = 402. What is the units digit of o?
5
Let n be (-7 + 4)*-1*-171. Let v = 104 - n. What is the units digit of v?
7
Suppose -27*q + 25*q = -o - 14003, -5*q = 3*o - 34991. What is the tens digit of q?
0
Let x = -2195 + 5561. What is the tens digit of x?
6
Let j = -306 - -311. Suppose -j*y - 502 = -6*y. What is the units digit of y?
2
Suppose -s - 13*s = -13146. Let g = -292 + s. What is the tens digit of g?
4
What is the units digit of (32 - 38) + 6*998?
2
Suppose 2*h - 4 = -2, -10 = 4*n - 2*h. Let s be n + ((-1)/(-5) - (-551637)/15). What is the hundreds digit of s/108*-2*(-2)/6?
2
Let t(g) = 125*g**2 - 1103*g + 41. What is the ten thousands digit of t(19)?
2
Suppose 0 = -0*u + 3*u - 357. Suppose -t = -u - 72. What is the tens digit of t?
9
Let c = -5 - -8. Suppose 3*f + 2*n = -f + 426, -2*f + 225 = -c*n. Let p = f + 0. What is the units digit of p?
8
Suppose 59 = 7*g - 60. What is the thousands digit of (-57 - -2)/(g/(-323))?
1
Suppose -s - 1 = 0, -10 = 5*t - 3*s + 7. Let i be 48*(15/(-14))/(t/(-14)). Let h = -108 - i. What is the units digit of h?
2
What is the tens digit of (53/4 - -13)/((-3)/(-664))?
1
Suppose 21410 = -1358*d + 1359*d. What is the hundreds digit of d?
4
Let j = 7195 - 4973. Let b = -1134 + j. What is the tens digit of b?
8
Let v(i) = i**3 + 6*i**2 - 9*i - 14. Let a be v(-7). Suppose 0 = -a*y + 5*y. Suppose y*w + 9*w = 639. What is the units digit of w?
1
Let q(x) = -x**3 - 7*x**2 - 6*x + 5. Let s be q(-6). Let f be (11 - 11)/(s - 1). Suppose a + w - 53 = f, -a + 49 = -0*w + 3*w. What is the units digit of a?
5
Let s be 8*(-7236)/81*(-3)/4. Let d be 1/(-4) - (-2)/8. Suppose p - 9*p + s = d. What is the tens digit of p?
6
Let c(u) = u**2 + 6*u + 7. Let d be c(-6). Let z(s) = 5*s**2 + 16*s. What is the units digit of z(d)?
7
Let n(k) = 4*k - 46. Let d be n(-15). Let x be ((-10)/3)/(d/(-54) - 2). Let o = -30 + x. What is the tens digit of o?
6
Let i(j) = -39*j - 64. Let k be i(1). Let v = 1195 + k. What is the hundreds digit of v?
0
Let d(l) = -3*l**3 - 47*l**2 - 311*l - 31. What is the tens digit of d(-26)?
1
Let f be (-539)/(-14)*(-4 - 0). Let h = f + 263. Let t = 172 - h. What is the units digit of t?
3
Suppose -775 = -3*v - 4*k + 523, -k = -5. Suppose 5*n - v = 34. What is the units digit of n?
2
Suppose -3*m + 3*g + 29850 = 0, 0*g = -6*g - 30. What is the thousands digit of m?
9
Suppose -199*a - 137*a + 16102992 - 867072 = 0. What is the units digit of a?
5
Let b(h) be the first derivative of 41*h**2 + 27*h - 5. What is the tens digit of b(5)?
3
Suppose -2*f - 11477 = -h, 5*f = 5*h - 31104 - 26251. What is the thousands digit of h?
1
Suppose 2*f + 3*y = -194, 10*f + 290 = 7*f - 5*y. What is the units digit of f/25 - (156 + 2)*-1?
4
Let r = 1369 - 487. Let n = r - 230. What is the hundreds digit of n?
6
Let a(m) = 2*m**2 - 1. Let j be a(-1). Let x(p) = 27*p**2 - 1. Let q be x(j). S